3*v - 24. Calculate m(v).
8
Let n(o) = -2*o**2 - 2*o + 4. Let x = 1848 - 1846. Calculate n(x).
-8
Let w(p) = -9*p**3 + 12*p**2 + 6*p. Let c = -25 - -20. Let g(y) = 7*y**3 - 11*y**2 - 5*y - 1. Let k(z) = c*g(z) - 4*w(z). Determine k(-7).
-2
Let k(l) = l + 8. Suppose -3*u = -8 - 7. Suppose g - 8 - 13 = 0. Suppose -u*v + 19 = 5*t - g, -5*v - 14 = -4*t. Determine k(t).
14
Let m be 4/(-10)*(-1 - (-40)/(-10)). Let b(g) = -184 - 14*g**3 + 357 - 173 - 2*g**m - g. Determine b(-1).
13
Let h(n) = 43*n - 567. Let m(q) = 8*q - 143. Let a(b) = 2*h(b) - 9*m(b). What is a(-11)?
-1
Let x(t) be the third derivative of -t**6/120 + t**5/12 - 7*t**4/24 + 5*t**3/6 + 2701*t**2. What is x(5)?
-30
Let z(h) = 4*h**2 + 71*h - 18. Let v = 8690 + -8708. Calculate z(v).
0
Let a(n) = 332*n - 325. Let v(x) = 77*x - 81. Let u(s) = 6*a(s) - 26*v(s). What is u(18)?
-24
Let q = 8676 - 8661. Let i(s) = s**2 - 19*s + 16. What is i(q)?
-44
Let p(h) be the first derivative of -1/120*h**5 - 2 - 14/3*h**3 + 0*h**4 + 0*h**2 + 0*h. Let j(d) be the third derivative of p(d). What is j(-2)?
2
Let r(h) = -2*h + 23. Let k be 4/((616/6)/14 - 7). Give r(k).
-1
Let o be 47/16 - (-340)/5440. Let m(i) be the second derivative of 0 - 1/6*i**o + 24*i - 3/2*i**2. Give m(-4).
1
Suppose 7 = s + 2*u, -5*u + 17 = 5*s - 8. Let i(g) = -g**s - 2*g**2 + 14*g - 5*g + 4 - 8*g. Let d(y) = -y**2 + 5*y + 11. Let o be d(7). Determine i(o).
10
Let x(g) be the first derivative of -3/2*g**2 - 3*g + 176. Give x(-2).
3
Suppose -10 = -f + 3*s, 0 = 5*f + 4*s - 5 + 50. Let g(d) = -2*d**3 + 2*d - 15. Let j(n) = -n**3 + n**2 + n - 7. Let t(y) = f*j(y) + 2*g(y). Calculate t(5).
0
Suppose -17 = 4*l + 5*w, 0 = 5*l + 123*w - 125*w + 13. Let d(g) = -g**2 + 3*g. Calculate d(l).
-18
Let f(s) = s + 2. Let g(h) = -4*h - 4 + 3*h + 2*h - 3*h. Let r be g(-4). Calculate f(r).
6
Let b(p) = p**3 - 12*p**2 - p + 10002. Let c be b(0). Let y(j) = c*j + 7 - 2 - 9990*j - j**2. Determine y(12).
5
Let b(u) = -37 - 50 - 9*u + 32 - 7 - 27. Calculate b(-9).
-8
Let r(n) = 6*n**3 + n**2 - 2*n - 3. Let m be (-2)/(-3) - 2/6*-4. Let t be r(m). Suppose -9*y - 18 = t. Let f(i) = i**2 + 5*i - 9. What is f(y)?
5
Let r(l) = -4*l**2 + 25*l + 382. Let h(g) = g**2 + 15*g - 3. Let w(j) = -3*h(j) - r(j). What is w(-5)?
2
Suppose -4*f + g = -13, -5*g - 34 + 3 = -3*f. Let n(u) = 2*u - 5*u**2 + 2*u**2 + 3*u**3 - 2*u**3 + 2. Let a be n(f). Let k(h) = -h**2 - h. Give k(a).
-6
Let v(x) be the second derivative of 3*x + 11 + 1/12*x**4 - 1/6*x**3 - 3/2*x**2. Calculate v(3).
3
Let f = -21 - -23. Suppose 2*c - 4*r = -146, -f*c + 3*c - r = -75. Let h = c - -78. Let v(i) = -28*i + 1. Give v(h).
-27
Suppose -3*y - 3*m - 24 = -0*y, 5*y = -m - 52. Let s(d) = -4*d - 33. What is s(y)?
11
Let l(p) = -p + 1. Let o be -3*(-136)/(-12) + -4. Let t = 47 + o. Suppose 14*i + 11 = -u + t*i, 2 = -2*i. Give l(u).
7
Let m(i) be the second derivative of -i**5/20 - i**4/3 + i**3 - 2*i**2 + i - 450. Let j = -109 + 104. Give m(j).
-9
Let l(d) = -14*d - 27. Let j(b) = 9*b**2 + 38*b - 38. Let u be j(-5). What is l(u)?
15
Suppose 104 = -61*a + 65*a. Suppose -20 = -5*o + 2*l, 3*o - 7*l - a = -3*l. Suppose 5*z - 35 = n, o*z + n = 5 + 9. Let b(q) = -q + 9. Give b(z).
2
Let f(n) = -2*n + 50627*n**2 + 50625*n**2 - 101251*n**2 - 7. Let z(m) = m**2 - 5*m + 1. Let b be z(6). Determine f(b).
28
Let s(u) be the first derivative of -u**4/4 - 2*u**3 - 7*u**2/2 + 15054. Suppose 2*f + 17 = -3*z, -2*z - 4 = -z - f. Calculate s(z).
10
Let b(l) be the first derivative of 2*l**2 - 7*l - 49. Let j be b(1). Let g(z) = z + 1. Give g(j).
-2
Let m be 5/(-4 - (-39)/6). Suppose 0 = -3*b - 2*f - 42, -b = -m*b + 4*f. Let q(v) = v**3 + 13*v**2 + 11*v + 14. What is q(b)?
26
Let c(v) = 9*v. Let h(j) = 2*j - 8. Let l be h(5). Let r be l/((-24)/16 + 2). Calculate c(r).
36
Let c = -5659 + 5664. Let r(w) = -5*w + 5. Let b(g) = 3*g - 3. Let a(h) = -11*b(h) - 6*r(h). Calculate a(c).
-12
Suppose 25*i + 6 = 27*i. Let m(p) = -11*p**2 + 5*p + 1. Let g(y) = -59*y**2 + 26*y + 6. Let t(a) = -2*g(a) + 11*m(a). Give t(i).
-19
Let x(z) = 42 - 217*z**2 + 29*z**3 + 17*z - 29 + 211*z**2 - 30*z**3. Give x(-8).
5
Let n(r) = 3*r**2 - r. Let l = 1674 - 1672. Let s(b) = -3*b + 3. Let f be s(-4). Let h be (f/l)/(-5)*(-4)/(-6). Calculate n(h).
4
Let i(g) = 11*g - 8*g**2 + 151 - 85 - 100 + 7*g**2. Calculate i(7).
-6
Let q(g) = g + 11. Suppose -18*x + 13 = -19*x + 5*y, 3*y - 47 = -5*x. Let v be 66/(-9) + (49/21)/x. Give q(v).
4
Let o = -44 - -43. Let f be (-21 - -23) + (2 - o). Let a(x) = -2*x + 7. Determine a(f).
-3
Let f(p) = -12*p**3 + 6*p**2 - 13*p - 14. Let t(n) = 11*n**3 - 5*n**2 + 11*n + 12. Let m(z) = 6*f(z) + 7*t(z). What is m(1)?
5
Let b(z) = -13*z**2 + 43*z + 8. Let c(g) = -12*g**2 + 40*g + 7. Let y(j) = 11*b(j) - 12*c(j). Give y(5).
-6
Suppose 4 = j - 0*j + n, 0 = 5*j + n - 24. Let d(l) = -10*l + 7. Calculate d(j).
-43
Let r(u) be the first derivative of -u**4/4 - 20*u**3/3 - 21*u**2/2 - 31*u + 4332. Determine r(-19).
7
Suppose c + 2*c = 18. Let i = -20 + c. Let d = i + 16. Let b(x) = -2*x**2 + 3*x. Give b(d).
-2
Let z be (-7)/(-14)*-2 + (6 - (-20)/(-5)). Let d(c) = -6*c + 1. What is d(z)?
-5
Let x(u) = -2 + 4 - u - 2*u - 5. Let b be -5 + 4*(-1)/(-4) + (-6)/2. Calculate x(b).
18
Suppose 3*h - 3*g - 6 - 3 = 0, -13 = -4*h + 5*g. Let d = -60 - -62. Let w(y) = y - 7*y**d + 7*y**h - 16*y**3 - y**2. Determine w(1).
-16
Let b(q) = q**3 + 2*q**2 - 12*q + 3. Let x = 448 - 445. Give b(x).
12
Let j(f) be the second derivative of f**4/6 - 2*f**3/3 + f**2 - 2*f. Suppose 98 = 3*x + 8. Let h be ((-6)/10)/((-6)/x) + 0. What is j(h)?
8
Let a(q) = -4*q - 3. Let x(d) be the second derivative of d**3/6 + 10*d - 4. Let k(y) = -a(y) + 2*x(y). Determine k(3).
21
Let k(a) = a**3 + 14*a**2 - 18*a - 34. Let s = -1036 - -1021. What is k(s)?
11
Let w be (-12)/(-120)*0 - 9. Let n(h) = -h**3 - 8*h**2 + 3*h + 7. Calculate n(w).
61
Let j(i) = -i + 2. Let k(d) = -d**2 - 11*d + 8. Let s be k(-11). Let b(g) = -5*g + 16 + 9 + 6*g - s. Let c be b(-14). Give j(c).
-1
Suppose h - 7 = -3*j, 4*h + j - 5*j - 108 = 0. Let s(a) = -17 + 33 - h - a. Let g be -6 + 0 - 4/2. Give s(g).
2
Suppose -5*v - 5*o = -55, -27*v - o = -23*v - 26. Let q(w) = w + 12. Let h(y) = -3*y - 35. Let l(x) = 3*h(x) + 8*q(x). Calculate l(v).
-14
Suppose -3*q = 2*q + 3*y - 15, -q - 4*y + 20 = 0. Suppose -p = -v - 12, 2*v - 3*v - 3 = q. Let r(s) = -s + 13. Give r(p).
4
Let b(u) be the second derivative of -93*u + 0 + 1/2*u**3 - 3/2*u**2. Determine b(5).
12
Let c(t) = -48*t - 238. Suppose 3*i = -3*h - 3, -h + 29 = -55*i + 50*i. Determine c(i).
2
Let h(q) be the third derivative of q**5/30 + q**4/8 + q**3/2 - 4*q**2. Suppose 2*k - 8 - 3 = 5*n, -3*n + 2*k = 5. Give h(n).
12
Let a(l) = 260*l + 6009. Let r be a(-23). Let k(s) = -19*s + 558. Determine k(r).
7
Let n(q) be the first derivative of -2*q**3 + 25*q**2/2 + 12*q - 5057. Calculate n(6).
-54
Let q(k) = 5*k**3 + 8*k**2 + 4*k - 41. Let s(m) = 6*m**3 + 8*m**2 + 4*m - 49. Let p(i) = -5*q(i) + 4*s(i). Let f(r) = 4*r - 47. Let t be f(10). Give p(t).
-12
Let t(f) = 36*f**2 - 5*f - f**3 + 3 - 15*f**2 - 17*f**2. Suppose g + 8 = l, 19*l = 16*l + 4*g + 29. Calculate t(l).
-3
Let k(v) = -502 - 492 - 3*v + 1057. Calculate k(17).
12
Let a(s) = 9*s - 57. Let i(n) = 20*n - 121. Let p(c) = 5*a(c) - 2*i(c). Determine p(9).
2
Suppose -190 = -49*m - 43. Let i(s) = -2*s**2 + s + 8. What is i(m)?
-7
Let b(i) = -i + 6. Suppose -2*h - 8 = 0, -34*l + 38*l - 4*h + 16 = 0. Calculate b(l).
14
Let q be ((-4)/(-10))/(58/14065). Let s = q - 94. Let r(j) = j**2 - 3*j - 2. What is r(s)?
-2
Let i(l) = -l**2 - 3*l - 2. Let v = -988 - -2247. Suppose -6*q - v = -1241. Give i(q).
-2
Let u(h) = h + 6. Let m = -7635 - -7622. What is u(m)?
-7
Let a(s) = 2*s**2 - 5*s + 3. Suppose 0 = l + 5*i - 4 + 21, 1 = 3*l + 2*i. Let q(t) = -2*t + 0 - 1 + 0*t + l*t. Let u be q(4). Give a(u).
6
Let u(l) = 2*l - 2. Let k(h) = -4*h + 5. Let x(r) = -2*k(r) - 5*u(r). Suppose -v = 47 - 50. Give x(v).
-6
Let h = 30047 - 30042. Let a(c) be the first derivative of -c**3/3 + 2*c**2 - 7*c + 1. Determine a(h).
-12
Let z(f) be the third derivative of -f**5/30 - 7*f**4/8 - 13*f**3/6 + 15*f**2 - 128*f. What is z(-12)?
-49
Let k(r) = r**3 + 10*r**2 + 13*r + 15. Let w = -5695 - -5687. Determine k(w).
39
Let w(u) = -21*u - 11*u**2